s divided by j(n).
4
Let v be (4/5)/((-2)/5). Let n(o) = 9*o**2 - 2. What is the remainder when n(v) is divided by 12?
10
Suppose -28 = -x - 7. Calculate the remainder when 81 is divided by x.
18
Let g = -6 - -4. Calculate the remainder when 31/1 + g + 2 is divided by (-1)/(-4) + (-86)/(-8).
9
Suppose 0 = i + 2*h - 32, -h + 124 = i + 4*i. Calculate the remainder when 95 is divided by i.
23
Let o = 14 + -4. Let l = 14 - o. What is the remainder when (-544)/(-85) - 2/5 is divided by l?
2
Suppose 4*j - 2 - 13 = h, 0 = j - 5. Suppose -d - 3*x + 19 = 0, -2*d = -2*x + h*x - 47. Calculate the remainder when d is divided by 15.
13
Suppose 4*q - 204 = -0*q. Let g = q - 16. Calculate the remainder when g is divided by ((-36)/(-10))/(3/10).
11
Suppose 0 = 3*y + 7 - 1. Let f be (4 - 6)*(-25)/y. Calculate the remainder when 3 is divided by (-5)/2*20/f.
1
Let o(x) = x**3 - 9*x**2 + 7*x + 15. Suppose -6 = 2*v - 56. What is the remainder when v is divided by o(8)?
4
Suppose 4*v - 20 = -v. Calculate the remainder when 1 + 25 - (2 + -4) is divided by v/(-10) + 208/20.
8
Let g = -3 - -5. Suppose -g*t = -2 - 8. Calculate the remainder when 13 is divided by t.
3
Let f be (45/(-6) + 0)*-6. Suppose -f = r - 6*r. Calculate the remainder when 35 is divided by r.
8
Let h(t) = -t**2 + 0 + 8*t + 2 + 10. What is the remainder when 4 is divided by h(9)?
1
Let l be 0/(1*(-1 - 1)). Let d be ((-6)/5)/((-8)/20). Suppose d*v + 0 - 9 = l. What is the remainder when 8 is divided by v?
2
Let d(v) = -v**2 + 29. Calculate the remainder when 113 is divided by d(0).
26
Let j(c) = -c**2 - 13*c + 1. Suppose 0 = -3*r - 13 - 17. Calculate the remainder when j(r) is divided by 45/4 + 2/(-8).
9
Let u be 0 + (2 - 2 - -2). Suppose 0 = 2*s - 13 - 21. Calculate the remainder when u*(0 + 98/4) is divided by s.
15
Let d be 9/(((-3)/4)/(-3)). Suppose 0 = -p + 4*p - d. What is the remainder when 22 is divided by p?
10
Calculate the remainder when ((-7)/7)/((-2)/28) is divided by 5.
4
Let x = 51 + -30. Suppose -2*a - 10 = -z + 5*z, 5*z + 3*a = -14. Let o = 10 - z. Calculate the remainder when x is divided by o.
10
Suppose 28 + 76 = 2*r. Calculate the remainder when r is divided by 18.
16
Suppose 117 - 21 = 6*f. Calculate the remainder when f is divided by 8.
0
Suppose -3*f = f - 96. Calculate the remainder when f is divided by 7.
3
Suppose 4*r = -566 + 1870. What is the remainder when r/22 + 4/22 is divided by 8?
7
Suppose -g + 4*x + 14 = 0, -g - 2 = 2*g - x. Let o = 5 + g. What is the remainder when o is divided by 1?
0
Let y(n) = n**3 + 4*n**2 + 2*n + 2. Let z be (5 + -1)*9/(-12). Calculate the remainder when -3*(1 + (-11)/3) is divided by y(z).
3
Let s = 13 - 24. Let n = s + 21. Suppose -9*i - 2 = 4*b - 4*i, -n = 5*i. What is the remainder when 3 is divided by b?
1
Calculate the remainder when (-2)/2 + 51 + -9 is divided by 22.
19
Let b(y) = y - 3. Let j be b(6). Suppose j*p - 60 = -p. What is the remainder when p is divided by 4?
3
Suppose 8 = 3*b - 10. What is the remainder when b is divided by 3?
0
Suppose -167 = -5*y - 62. Let r = -98 + 180. What is the remainder when r is divided by y?
19
Suppose -2*l = 3*d - 28, 4 + 4 = -2*d + 4*l. What is the remainder when 34 is divided by d?
4
Suppose -3*q - x = 4*x + 8, -2*x = -4*q + 24. Suppose -4*h = 10 - 34. Calculate the remainder when h is divided by q.
2
Let d = -21 - -45. Suppose -2*z - 2*z + d = 0. Suppose -12 = -z*g + 2*g. Calculate the remainder when g is divided by 2.
1
Suppose 5*t + 219 = 2*g, -g - 4*g + 533 = 2*t. Let a = 46 - 24. What is the remainder when g is divided by a?
19
Suppose -88 = -y - 3*y. Let v be (0/(-1))/(-1*2). Suppose v = -2*m + 5*m - 24. What is the remainder when y is divided by m?
6
Let g(f) be the second derivative of f**3/6 + 19*f**2/2 + 2*f. What is the remainder when 13 is divided by g(-12)?
6
Suppose 0 = -6*v + 11*v - 245. What is the remainder when v is divided by 19?
11
Suppose 2*n - 5*n + 19 = -4*l, -5*l = -n + 10. Suppose -n*v - 4*f + 287 - 52 = 0, -4*v - 4*f = -192. What is the remainder when v is divided by 15?
13
Suppose -3*c - 10 = -c. Let b = c + 5. Suppose 6*w - w - 5*l - 120 = 0, -3*l - 9 = b. What is the remainder when 62 is divided by w?
20
Let g be -1 + (2 - (-6 + 2)). Suppose 2*k - g*p - 21 = 16, 3*k + 5*p = -7. Calculate the remainder when k is divided by 5.
1
Suppose 7*r - 52 = 270. What is the remainder when r is divided by 17?
12
Suppose -6*w + 3*w + 276 = 0. What is the remainder when w is divided by 31?
30
Suppose -5*f + 0*f + 150 = 0. Suppose 18*x = 4*x + 224. Calculate the remainder when f is divided by x.
14
Let j = 17 - -20. Calculate the remainder when j is divided by 10.
7
Let q be -8 - -8 - 7*-1. Let o = q - -7. Calculate the remainder when 41 is divided by o.
13
Let x(y) = y**2 - 10*y + 11. Let p be x(9). Let u = 4 + 0. Suppose -2*g = -p*f - 24, 5*g = u*f - 5*f + 54. What is the remainder when 31 is divided by g?
9
What is the remainder when 33 is divided by (-1*10)/(1/((-1)/2))?
3
Let j be (-2)/2 + (5 - 3). Let x = j - -1. Calculate the remainder when x is divided by 1.
0
Let m(p) = p - 3. Let w be m(5). Suppose -2*a + 52 = -4*q, -w*a = -0*q - 2*q - 46. What is the remainder when a is divided by 7?
6
Let o(n) = -n**2 - 3*n - 1. Let s be o(-4). Suppose 2*c = -3*c + 75. Let u = c + s. What is the remainder when 18 is divided by u?
8
Let x(w) = 3*w**2 + 3*w + 5. Suppose 0 = 6*d + 28 - 4. What is the remainder when x(d) is divided by 11?
8
Calculate the remainder when (3/(1*1/54))/2 is divided by 14.
11
Suppose 4*n - 2*m + 6*m - 492 = 0, 354 = 3*n - 2*m. Suppose 0 = -5*s - 5*i + 61 + 59, 5*s = 2*i + n. Calculate the remainder when 71 is divided by s.
23
Let d = -54 + 103. Suppose 0*b - b = 4*c - d, 4*b - 139 = 3*c. What is the remainder when b is divided by 10?
7
Let x = 55 + -33. Let v(h) = h**3 - 9*h**2 + 11. Let s be v(9). Let b = x - s. Calculate the remainder when b is divided by 3.
2
Suppose 0 = -2*i - 16 + 42. Calculate the remainder when i is divided by 8.
5
Suppose -3*a + 9 = 0, 32 + 76 = 3*i - 5*a. Calculate the remainder when i is divided by 11.
8
Suppose -5*y + 5*a = -64 + 19, 3*a = -5*y + 85. Let u(j) = 7*j - 2. Calculate the remainder when u(6) is divided by y.
12
Suppose 5 = w - 2*f + 2, 4*w - 12 = -5*f. Let c(s) = -2. Let h(a) = -a - 4. Let p(y) = 6*c(y) - 2*h(y). Calculate the remainder when p(w) is divided by 1.
0
Suppose -4*c + 200 = 5*h, -c = -5*h + c + 170. Suppose 2*w - h = -w. Calculate the remainder when 22 is divided by w.
10
Let w(x) = x**2 + 3*x + 2. Let f be w(-2). Let c = 4 + f. Calculate the remainder when 6 is divided by c.
2
Let w(p) = 31*p - 6. Let h(i) = -46*i + 9. Let z(a) = -5*h(a) - 7*w(a). What is the remainder when z(8) is divided by 26?
23
Let j = -4 - -74. Calculate the remainder when j is divided by 25.
20
Let z = -20 + 29. Calculate the remainder when 15 is divided by z.
6
Let f(s) = -s**2 + 7*s - 3. Let g be -1 + (-2)/(6/(-21)). What is the remainder when (-24)/9*g/(-4) is divided by f(6)?
1
Suppose 0 = -2*i - 0*i - 5*r + 18, -6 = -3*r. What is the remainder when i is divided by 2?
0
Let n(c) = -84*c + 1. Let w be n(-1). Suppose 2*u + 2*y = -w + 31, -57 = u - 5*y. What is the remainder when 47 is divided by (1 - 7)/(12/u)?
15
Let z(o) = 3*o**2 + 4*o - 2. Let t be 3/(2 - 5) - -4. What is the remainder when z(t) is divided by 19?
18
Suppose 38 = -2*w + 4*w. What is the remainder when 94 is divided by w?
18
Let k(n) = -2*n + 4. What is the remainder when 43 is divided by k(-9)?
21
Suppose -254 + 27 = -4*h - 3*y, -169 = -3*h - 2*y. Calculate the remainder when h is divided by 14.
11
Let g = 11 + 5. Suppose -l - 9 + 23 = -z, 0 = -2*l + 5*z + g. Let m(k) = 10*k. Calculate the remainder when l is divided by m(1).
8
Let o = 39 - 12. Let n = -1050 - -478. What is the remainder when o is divided by n/(-39) + (-2)/3?
13
Let p(j) = -j**3 + 21*j**2 + 3*j - 47. What is the remainder when 29 is divided by p(21)?
13
Let r(w) = w + 2. Let g be r(-6). Let p(a) = -a**3 - 4*a**2 - 4*a - 5. Calculate the remainder when 32 is divided by p(g).
10
Suppose 2*a + 2*a - 224 = 0. Calculate the remainder when a is divided by 19.
18
Suppose -40 = 3*w - 7*w. Let z(j) = 2*j**2 + 19*j + 19. What is the remainder when z(-10) is divided by w?
9
Suppose -4 = -a + 2. Suppose 0 